{"id":611,"date":"2008-11-12T19:54:25","date_gmt":"2008-11-12T18:54:25","guid":{"rendered":"http:\/\/miguelangel.begueria.es\/?page_id=138"},"modified":"2021-09-27T15:22:32","modified_gmt":"2021-09-27T15:22:32","slug":"yo-soy","status":"publish","type":"page","link":"http:\/\/layana.begueria.es\/?page_id=611","title":{"rendered":"Yo soy&#8230;"},"content":{"rendered":"\n<div class=\"twitterbutton\" style=\"float: right; padding-left: 5px;\"><a href=\"http:\/\/twitter.com\/share\" class=\"twitter-share-button\" data-count=\"none\" data-text=\"Yo soy&#8230;\" data-via=\"mabegueriagmail.com\" data-url=\"http:\/\/layana.begueria.es\/?page_id=611\" data-lang=\"en\" data-related=\":Layana, un pueblo de Arag\u00f3n\"><\/a><\/div>\n<div class=\"wp-block-image\"><figure class=\"alignleft\"><a href=\"http:\/\/layana.begueria.es\/wordpress\/wp-content\/uploads\/2008\/10\/riguvio.jpg\"><img loading=\"lazy\" decoding=\"async\" width=\"137\" height=\"190\" src=\"http:\/\/layana.begueria.es\/wordpress\/wp-content\/uploads\/2008\/10\/riguvio.jpg\" alt=\"\" class=\"wp-image-62\" title=\"riguvio\"\/><\/a><\/figure><\/div>\n\n\n\n<p>Me llamo Miguel Angel Beguer\u00eda, he sido profesor de filosof\u00eda, actualmente jubilado. Esta profesi\u00f3n me ha permitido dedicar mucho tiempo a mi pasi\u00f3n por la m\u00fasica. Hace unos a\u00f1os que por mi dedicaci\u00f3n a la ense\u00f1anza, por mi afici\u00f3n a la m\u00fasica y por la curiosidad hacia mi pueblo comenc\u00e9 tres sitios web  dedicados a cada una de estas actividades. Con el tiempo, la tres han confluido en una direcci\u00f3n para ganar unidad y huir de la dispersi\u00f3n.<br \/>En la secci\u00f3n de Filosof\u00eda encontraremos la categor\u00eda\u00a0 <em>filosof\u00eda para adultos<\/em>. No hay\u00a0 contradicci\u00f3n en el t\u00edtulo si suscribimos al pie de la letra las palabras del sabio Epicuro:<\/p>\n\n\n\n<blockquote class=\"wp-block-quote is-layout-flow wp-block-quote-is-layout-flow\"><p>\u00abNi el joven postergue el filosofar ni el anciano se aburra de hacerlo, pues para nadie est\u00e1 fuera de lugar, ni por muy joven ni por muy anciano, el buscar la tranquilidad del alma (la felicidad)\u00bb.<\/p><\/blockquote>\n\n\n\n<p>No hay filosof\u00eda para j\u00f3venes ni para adultos, sino&nbsp;<em>filosof\u00eda <\/em>sin m\u00e1s. La raz\u00f3n de ese t\u00edtulo es que he impartido durante varios a\u00f1os un curso de historia de la filosof\u00eda dentro de los programas de extensi\u00f3n cultural de la CAI (Caja de ahorros de la Inmaculada), en el que se matriculan, sobre todo, personas adultas.<\/p>\n\n\n\n<p>Obviamente la secci\u00f3n de segundo de bachillerato se hizo para uso de mis alumnos de bachillerato en el IES Miguel Catal\u00e1n.<\/p>\n\n\n\n<p>La primera parte del blog est\u00e1 dedicada a mi pueblo, Layana, con el enorme cari\u00f1o que me merece. He a\u00f1adido una secci\u00f3n de m\u00fasica y otra para art\u00edculos de reflexi\u00f3n, por seguir la estela del t\u00edtulo general del blog.<\/p>\n\n\n<p><a href=\"http:\/\/www.layana.begueria.es\" rel=\"nofollow\" role=\"button\"><br \/>\n\t\t\t\t\t\tIr a Inicio<br \/>\n\t\t\t\t\t<\/a><\/p><div class=\"pvc_clear\"><\/div><p class=\"pvc_stats all \" data-element-id=\"611\" style=\"\"><i class=\"pvc-stats-icon medium\" aria-hidden=\"true\"><svg aria-hidden=\"true\" focusable=\"false\" data-prefix=\"far\" data-icon=\"chart-bar\" role=\"img\" xmlns=\"http:\/\/www.w3.org\/2000\/svg\" viewBox=\"0 0 512 512\" class=\"svg-inline--fa fa-chart-bar fa-w-16 fa-2x\"><path fill=\"currentColor\" d=\"M396.8 352h22.4c6.4 0 12.8-6.4 12.8-12.8V108.8c0-6.4-6.4-12.8-12.8-12.8h-22.4c-6.4 0-12.8 6.4-12.8 12.8v230.4c0 6.4 6.4 12.8 12.8 12.8zm-192 0h22.4c6.4 0 12.8-6.4 12.8-12.8V140.8c0-6.4-6.4-12.8-12.8-12.8h-22.4c-6.4 0-12.8 6.4-12.8 12.8v198.4c0 6.4 6.4 12.8 12.8 12.8zm96 0h22.4c6.4 0 12.8-6.4 12.8-12.8V204.8c0-6.4-6.4-12.8-12.8-12.8h-22.4c-6.4 0-12.8 6.4-12.8 12.8v134.4c0 6.4 6.4 12.8 12.8 12.8zM496 400H48V80c0-8.84-7.16-16-16-16H16C7.16 64 0 71.16 0 80v336c0 17.67 14.33 32 32 32h464c8.84 0 16-7.16 16-16v-16c0-8.84-7.16-16-16-16zm-387.2-48h22.4c6.4 0 12.8-6.4 12.8-12.8v-70.4c0-6.4-6.4-12.8-12.8-12.8h-22.4c-6.4 0-12.8 6.4-12.8 12.8v70.4c0 6.4 6.4 12.8 12.8 12.8z\" class=\"\"><\/path><\/svg><\/i> &nbsp;1,629&nbsp;total views, &nbsp;4&nbsp;views today<\/p><div class=\"pvc_clear\"><\/div>","protected":false},"excerpt":{"rendered":"<p>Me llamo Miguel Angel Beguer\u00eda, he sido profesor de filosof\u00eda, actualmente jubilado. Esta profesi\u00f3n me ha permitido dedicar mucho tiempo a mi pasi\u00f3n por la m\u00fasica. Hace unos a\u00f1os que por mi dedicaci\u00f3n a la ense\u00f1anza, por mi afici\u00f3n a la m\u00fasica y por la curiosidad hacia mi pueblo comenc\u00e9 tres sitios web dedicados a &hellip;<\/p>\n<p class=\"read-more\"> <a class=\"\" href=\"http:\/\/layana.begueria.es\/?page_id=611\"> <span class=\"screen-reader-text\">Yo soy&#8230;<\/span> Leer m\u00e1s &raquo;<\/a><\/p>\n<div class=\"pvc_clear\"><\/div>\n<p class=\"pvc_stats all \" data-element-id=\"611\" style=\"\"><i class=\"pvc-stats-icon medium\" aria-hidden=\"true\"><svg aria-hidden=\"true\" focusable=\"false\" data-prefix=\"far\" data-icon=\"chart-bar\" role=\"img\" xmlns=\"http:\/\/www.w3.org\/2000\/svg\" viewBox=\"0 0 512 512\" class=\"svg-inline--fa fa-chart-bar fa-w-16 fa-2x\"><path fill=\"currentColor\" d=\"M396.8 352h22.4c6.4 0 12.8-6.4 12.8-12.8V108.8c0-6.4-6.4-12.8-12.8-12.8h-22.4c-6.4 0-12.8 6.4-12.8 12.8v230.4c0 6.4 6.4 12.8 12.8 12.8zm-192 0h22.4c6.4 0 12.8-6.4 12.8-12.8V140.8c0-6.4-6.4-12.8-12.8-12.8h-22.4c-6.4 0-12.8 6.4-12.8 12.8v198.4c0 6.4 6.4 12.8 12.8 12.8zm96 0h22.4c6.4 0 12.8-6.4 12.8-12.8V204.8c0-6.4-6.4-12.8-12.8-12.8h-22.4c-6.4 0-12.8 6.4-12.8 12.8v134.4c0 6.4 6.4 12.8 12.8 12.8zM496 400H48V80c0-8.84-7.16-16-16-16H16C7.16 64 0 71.16 0 80v336c0 17.67 14.33 32 32 32h464c8.84 0 16-7.16 16-16v-16c0-8.84-7.16-16-16-16zm-387.2-48h22.4c6.4 0 12.8-6.4 12.8-12.8v-70.4c0-6.4-6.4-12.8-12.8-12.8h-22.4c-6.4 0-12.8 6.4-12.8 12.8v70.4c0 6.4 6.4 12.8 12.8 12.8z\" class=\"\"><\/path><\/svg><\/i> &nbsp;1,629&nbsp;total views, &nbsp;4&nbsp;views today<\/p>\n<div class=\"pvc_clear\"><\/div>\n","protected":false},"author":2,"featured_media":0,"parent":0,"menu_order":0,"comment_status":"open","ping_status":"open","template":"","meta":{"_monsterinsights_skip_tracking":false,"_monsterinsights_sitenote_active":false,"_monsterinsights_sitenote_note":"","_monsterinsights_sitenote_category":0,"site-sidebar-layout":"default","site-content-layout":"default","ast-main-header-display":"","ast-hfb-above-header-display":"","ast-hfb-below-header-display":"","ast-hfb-mobile-header-display":"","site-post-title":"","ast-breadcrumbs-content":"","ast-featured-img":"","footer-sml-layout":"","theme-transparent-header-meta":"default","adv-header-id-meta":"","stick-header-meta":"","header-above-stick-meta":"","header-main-stick-meta":"","header-below-stick-meta":"","footnotes":""},"class_list":["post-611","page","type-page","status-publish","hentry"],"_links":{"self":[{"href":"http:\/\/layana.begueria.es\/index.php?rest_route=\/wp\/v2\/pages\/611","targetHints":{"allow":["GET"]}}],"collection":[{"href":"http:\/\/layana.begueria.es\/index.php?rest_route=\/wp\/v2\/pages"}],"about":[{"href":"http:\/\/layana.begueria.es\/index.php?rest_route=\/wp\/v2\/types\/page"}],"author":[{"embeddable":true,"href":"http:\/\/layana.begueria.es\/index.php?rest_route=\/wp\/v2\/users\/2"}],"replies":[{"embeddable":true,"href":"http:\/\/layana.begueria.es\/index.php?rest_route=%2Fwp%2Fv2%2Fcomments&post=611"}],"version-history":[{"count":18,"href":"http:\/\/layana.begueria.es\/index.php?rest_route=\/wp\/v2\/pages\/611\/revisions"}],"predecessor-version":[{"id":873,"href":"http:\/\/layana.begueria.es\/index.php?rest_route=\/wp\/v2\/pages\/611\/revisions\/873"}],"wp:attachment":[{"href":"http:\/\/layana.begueria.es\/index.php?rest_route=%2Fwp%2Fv2%2Fmedia&parent=611"}],"curies":[{"name":"wp","href":"https:\/\/api.w.org\/{rel}","templated":true}]}}